 millions digit of 17863264?
1
What is the units digit of 93573510?
0
What is the hundreds digit of 1286083970?
9
What is the hundred thousands digit of 154012143?
0
What is the tens digit of 16700490?
9
What is the hundred millions digit of 3091763360?
0
What is the ten millions digit of 30126741?
3
What is the billions digit of 1083083861?
1
What is the tens digit of 4501532?
3
What is the millions digit of 458509983?
8
What is the ten millions digit of 46752352?
4
What is the hundreds digit of 289287642?
6
What is the units digit of 24730420?
0
What is the millions digit of 1541899314?
1
What is the thousands digit of 173818495?
8
What is the millions digit of 19112464?
9
What is the ten millions digit of 5504451245?
0
What is the tens digit of 88909653?
5
What is the millions digit of 74976998?
4
What is the millions digit of 33826758?
3
What is the billions digit of 1152037300?
1
What is the hundred millions digit of 5430251860?
4
What is the millions digit of 1404647?
1
What is the tens digit of 1516857203?
0
What is the billions digit of 3673933806?
3
What is the tens digit of 471990409?
0
What is the billions digit of 6231995709?
6
What is the billions digit of 6083543050?
6
What is the thousands digit of 33153649?
3
What is the hundred millions digit of 461594763?
4
What is the hundreds digit of 89828750?
7
What is the billions digit of 1295892966?
1
What is the units digit of 4063235679?
9
What is the units digit of 134977863?
3
What is the thousands digit of 183709102?
9
What is the thousands digit of 461164408?
4
What is the tens digit of 803457511?
1
What is the units digit of 96816443?
3
What is the millions digit of 83928712?
3
What is the ten millions digit of 419606897?
1
What is the billions digit of 3597213957?
3
What is the tens digit of 4230404?
0
What is the hundred thousands digit of 34815721?
8
What is the units digit of 3418649?
9
What is the hundreds digit of 154830994?
9
What is the units digit of 24162635?
5
What is the ten millions digit of 3021799324?
2
What is the ten thousands digit of 78450304?
5
What is the hundreds digit of 28188842?
8
What is the millions digit of 536251774?
6
What is the hundreds digit of 729163649?
6
What is the hundred thousands digit of 76560499?
5
What is the billions digit of 1604705797?
1
What is the hundred thousands digit of 3648383965?
3
What is the millions digit of 7836456?
7
What is the hundred millions digit of 1030797794?
0
What is the hundred millions digit of 2572944327?
5
What is the ten thousands digit of 3084515211?
1
What is the hundreds digit of 683821143?
1
What is the ten millions digit of 464870559?
6
What is the thousands digit of 3590587?
0
What is the hundreds digit of 2748762298?
2
What is the ten millions digit of 4758253356?
5
What is the tens digit of 58957494?
9
What is the units digit of 37502436?
6
What is the ten thousands digit of 1919497623?
9
What is the thousands digit of 15277890?
7
What is the tens digit of 33906763?
6
What is the ten millions digit of 569021130?
6
What is the tens digit of 1641799614?
1
What is the ten thousands digit of 293481074?
8
What is the thousands digit of 43911498?
1
What is the units digit of 436098745?
5
What is the ten thousands digit of 94552315?
5
What is the units digit of 258623900?
0
What is the tens digit of 152555561?
6
What is the tens digit of 5881651854?
5
What is the tens digit of 30325446?
4
What is the hundreds digit of 1979675960?
9
What is the units digit of 3020523433?
3
What is the hundred millions digit of 4225996941?
2
What is the millions digit of 10263148?
0
What is the units digit of 16414995?
5
What is the tens digit of 558423577?
7
What is the millions digit of 1552686642?
2
What is the ten millions digit of 1264075245?
6
What is the thousands digit of 484855483?
5
What is the ten thousands digit of 661820493?
2
What is the hundred thousands digit of 189839535?
8
What is the thousands digit of 54079962?
9
What is the ten millions digit of 48771045?
4
What is the millions digit of 651646886?
1
What is the units digit of 214950801?
1
What is the units digit of 132756319?
9
What is the hundred thousands digit of 61607752?
6
What is the ten thousands digit of 18065737?
6
What is the ten thousands digit of 21666487?
6
What is the hundred thousands digit of 30735773?
7
What is the tens digit of 3075924568?
6
What is the ten millions digit of 61172342?
6
What is the millions digit of 48218634?
8
What is the hundreds digit of 1344722527?
5
What is the hundred thousands digit of 43444335?
4
What is the millions digit of 1221677416?
1
What is the units digit of 470187834?
4
What is the hundred thousands digit of 70645453?
6
What is the thousands digit of 76556646?
6
What is the ten millions digit of 41687520?
4
What is the millions digit of 4842039490?
2
What is the thousands digit of 18000018?
0
What is the hundred millions digit of 1812785634?
8
What is the hundred thousands digit of 469663174?
6
What is the hundred millions digit of 3686921548?
6
What is the tens digit of 175006076?
7
What is the ten thousands digit of 44802004?
0
What is the ten thousands digit of 127821887?
2
What is the units digit of 888467944?
4
What is the tens digit of 991004035?
3
What is the thousands digit of 551415562?
5
What is the millions digit of 17700780?
7
What is the hundreds digit of 9416403?
4
What is the hundreds digit of 256912133?
1
What is the tens digit of 139889187?
8
What is the ten thousands digit of 135517443?
1
What is the thousands digit of 140261578?
1
What is the thousands digit of 27818556?
8
What is the hundreds digit of 1520487362?
3
What is the hundred millions digit of 150277845?
1
What is the hundred millions digit of 5810469360?
8
What is the millions digit of 76904261?
6
What is the hundred thousands digit of 55851889?
8
What is the thousands digit of 8158164722?
4
What is the thousands digit of 279507798?
7
What is the ten thousands digit of 1362795622?
9
What is the units digit of 92445781?
1
What is the millions digit of 770989584?
0
What is the ten millions digit of 734427262?
3
What is the millions digit of 608225736?
8
What is the millions digit of 1059507049?
9
What is the tens digit of 36093458?
5
What is the tens digit of 94635321?
2
What is the tens digit of 32504842?
4
What is the units digit of 35231105?
5
What is the hundred thousands digit of 5247355574?
3
What is the tens digit of 3907496?
9
What is the hundred thousands digit of 410970637?
9
What is the units digit of 1134945753?
3
What is the ten millions digit of 27032560?
2
What is the hundred thousands digit of 81726313?
7
What is the units digit of 10453179?
9
What is the hundred millions digit of 734969969?
7
What is the thousands digit of 38167934?
7
What is the hundreds digit of 58875660?
6
What is the units digit of 1641039105?
5
What is the ten millions digit of 153564507?
5
What is the hundreds digit of 5769266041?
0
What is the tens digit of 2366489488?
8
What is the thousands digit of 6436086539?
6
What is the hundred millions digit of 2397176531?
3
What is the units digit of 566798057?
7
What is the thousands digit of 8710691444?
1
What is the hundred thousands digit of 530826144?
8
What is the tens digit of 1877139?
3
What is the ten millions digit of 87844410?
8
What is the hundreds digit of 1528713827?
8
What is the thousands digit of 32632124?
2
What is the hundreds digit of 53926639?
6
What is the tens digit of 51153834?
3
What is the hundred thousands digit of 90556979?
5
What is the thousands digit of 350930877?
0
What is the billions digit of 2295981032?
2
What is the thousands digit of 805147431?
7
What is the hundred thousands digit of 67023330?
0
What is the thousands digit of 11789855?
9
What is the millions digit of 111835362?
1
What is the ten millions digit of 285604934?
8
What is the hundred thousands digit of 20353282?
3
What is the tens digit of 95097176?
7
What is the tens digit of 889410455?
5
What is the ten millions digit of 26314874?
2
What is the hundred thousands digit of 557159571?
1
What is the thousands digit of 253433416?
3
What is the hundred thousands digit of 1232395077?
3
What is the tens digit of 658730280?
8
What is the ten thousands digit of 4602047806?
4
What is the tens digit